third derivative of -l**6/120 - 7*l**5/60 - l**4/24 - l**3 - 8*l**2. Determine q(-7).
1
Let c(i) be the third derivative of 0*i**4 - 1/60*i**5 + 0*i - 2*i**2 + 0 - i**3. Give c(0).
-6
Let a = 3 - -2. Let b = -2 + a. Suppose 1 = -g + b. Let w(q) = -q**2 + 4*q - 3. Calculate w(g).
1
Let u = -9 + 10. Let m be (-2 + 3)*u - 1. Let i(n) = n**3 + n**2 + 7. Calculate i(m).
7
Let b(w) be the first derivative of -w**4 - 2*w**3/3 + w**2/2 - 25. Let n = 4 - -1. Suppose -2*t + 0 = -f - n, -7 = -4*t + f. Give b(t).
-5
Let w(v) = v**2 + v - 5. Let q be 1/(-3)*(-3 + 0). Let a be 5 - 5 - (q - 1). What is w(a)?
-5
Let u(l) = 4*l - 6. Let p(q) = 7*q - 7. Let w(x) = 2*p(x) - 3*u(x). Suppose -14 = b - 3*b + 4*j, 5*b - 2*j - 3 = 0. Let y be 15/(-4) + b/4. Give w(y).
-4
Let i(r) = 2*r**3 + 3*r**2 + 2*r + 3. Let k(c) = c + 8. Let u be k(8). Let j = u + -18. Determine i(j).
-5
Let h(g) = -g - 5. Suppose 7 = 5*s - 3. Suppose -s*p = u + p + 22, -2*u - 2*p = 24. Calculate h(u).
2
Let d(y) = -3*y - 3. Let p = 7 - 4. Suppose 2*c - 3*s - p - 4 = 0, 3*c - 2*s = 8. Suppose 4*l + 6 = -c*j, 2*l + 6 = j - 3*j. Determine d(j).
6
Let k(u) = 0*u + 1 - u**3 + 4*u**2 - 2*u + 8*u. What is k(5)?
6
Suppose 54 = 3*l + 48. Suppose 0 = -4*z + 18 - 6. Let k(v) = -1 + z*v + 4*v - 3*v. Give k(l).
7
Let d(i) = i + 0 - 2*i**2 + 4 - i**3 - 3 + 2*i**3. Give d(2).
3
Let m(o) = -o**3 - 4*o**2 - o + 1. Let h be m(-3). Suppose t = 5 - 2. Let k(g) = t*g**3 - 2*g**3 - 3 - 5*g + 4*g**2 + 0. What is k(h)?
-3
Let p(z) = 12 - 24 + 5 + z**2 + 8 - 8*z. What is p(7)?
-6
Let r(d) = 2*d**2 + d - 3. Let k(w) = -6*w - 1. Let j be k(-1). Suppose -15 - 5 = -j*s - 2*n, 4*n = -s + 22. Suppose 13 = -5*i - s. Determine r(i).
12
Let z = 8/57 + 1/38. Let v(p) be the third derivative of -1/60*p**5 + 0*p + 1/6*p**3 + z*p**4 + 0 + p**2. What is v(3)?
4
Let v = -44 + 41. Let n(y) = y**2 + 3*y. What is n(v)?
0
Let z(t) = -3*t**2 + 3*t**3 - 2*t**3 - 4*t**3 - 3 + 2*t**3. Calculate z(-3).
-3
Let t(q) = 4 + q - q**2 + q + 0*q - 3*q. Let z(s) = -4*s**3 + 3*s - 2. Let l be z(1). Give t(l).
-2
Let j(f) be the first derivative of -f**2 - 2*f - 14. Calculate j(3).
-8
Let t be 2/1 - (9 - 9). Let p(j) = j + j**2 + t + 3 - 2. Let g = 4 + -7. Give p(g).
9
Let l(q) = q + 9. Suppose -2*g - 20 = 4*v, 0*v + 2*g = 5*v + 16. Calculate l(v).
5
Let y be 7 + -6 - (0 + -1). Let v(j) = -5*j + 1. Give v(y).
-9
Suppose 4*n - 2 = -2*r, 4*r - 4*n = -5*n + 18. Let w(y) be the third derivative of 1/60*y**r - 1/6*y**4 - 2*y**2 + 0 + 0*y - 1/6*y**3. Calculate w(3).
-4
Let p(r) = 7*r**3 - r**2. Let t(z) = -2*z - 5. Let k be t(-3). What is p(k)?
6
Let l(x) = 3*x - 2. Suppose 5*m = -9 - 1. Determine l(m).
-8
Let o(c) = c**2 - c - 1. Let n(j) = 4*j**2 - 7*j - 4. Let u(f) = -n(f) + 3*o(f). Determine u(3).
4
Let q(b) be the first derivative of -b**3/3 - 3*b**2 - b + 5. Calculate q(-6).
-1
Let h(s) = -s**3 - s**2 - s + 1. Suppose 0 = -3*o + o. Give h(o).
1
Let r = -19 - -15. Let p be (-9)/(9/(-24)*r). Let h(g) = -2*g - 9. Calculate h(p).
3
Let d be (-4)/(-10) + 2/(-5) + -1. Let b(x) = -3*x**2 - 5*x. Let v(m) = -2*m**2 - 3*m. Let h(s) = -3*b(s) + 5*v(s). What is h(d)?
-1
Let u(d) = -d - 3. Let k be 1/((-3)/(-18)*-2). Calculate u(k).
0
Let a(s) be the third derivative of 0 - 1/3*s**3 + s**2 + 1/60*s**5 + 1/6*s**4 + 0*s. What is a(-4)?
-2
Let y(q) = -q + 18. Let j = 6 + 0. Let t(i) = -i**3 - 9*i**2 - 5*i + 11. Let b be t(-8). Let g(o) = -2*o + 37. Let n(l) = b*y(l) + j*g(l). Determine n(5).
-7
Let t(d) = -4*d**2 - 2*d + 2. Let u = 28 + -30. Calculate t(u).
-10
Let p(w) = w**3 - 2*w. Let k be ((-2)/6)/(1/(-6)). Let h be 1/k + 2/4. Suppose -2*v + 3 = -h. Calculate p(v).
4
Let q(y) be the first derivative of -y**3/3 + 7*y**2/2 - y + 10. Determine q(6).
5
Let m(p) = p - 3. Let v be 4/8*-2*-13. Let o = v - 19. Calculate m(o).
-9
Let u(d) = -d**3 - 6*d**2 + 3*d + 9. Let p(h) = -2*h + 6. Suppose 0 = -2*m - 4, -4*m + 18 = 4*t + 2. Let z be p(t). Determine u(z).
-9
Suppose 8 = -2*m + 10. Let q(s) = -5*s - 1. Give q(m).
-6
Let w(o) = -o - 6. Let j(l) = l. Let b(y) = -j(y) + w(y). Give b(-5).
4
Let y = -9 + 11. Let a(o) = -o**2 - o**2 - 5*o**2 + y*o**2 + 1. What is a(-1)?
-4
Let h(q) = q - 1. Let m(a) = -9*a + 5. Let j(d) = 6*h(d) + m(d). Let p be j(-2). Let v(b) = 4 + 3*b + 5 + 4*b**2 - 4 - b**3. Give v(p).
-5
Let l(m) = m - 2. Let h(v) = 3*v + 4. Let b be h(4). Let i = -11 + b. Calculate l(i).
3
Let h(n) = -n**3 - 9*n**2 - 9*n - 9. Let y(s) = 5*s + 22. Let t be y(-6). What is h(t)?
-1
Let c(y) = y**3 + 5*y**2 - 2*y - 1. Suppose 52*o - 8 = 54*o. Give c(o).
23
Let d(y) = 5*y + 21. Let w be d(-6). Let v be (-10)/(-8) + w/(-12). Let z(l) be the third derivative of -l**4/8 + l**3/3 - l**2. Calculate z(v).
-4
Let d(i) = i - 2. Let x be d(4). Let p(k) = -k**x - 6*k + 12*k - 4 + 2. Give p(5).
3
Let a(d) = -3*d**2 + 2. Let w(k) = -7*k**2 + 2 + 1 - 34*k + 34*k. Let b(q) = -9*a(q) + 4*w(q). Suppose -t + 2*t = 0. Determine b(t).
-6
Suppose 4*z - 1 - 2 = -u, 15 = -5*z + 5*u. Let m(q) = q + 7. Calculate m(z).
7
Let a = -15 - -8. Let o = a - -3. Let z(j) = -j**2 - 4*j + 4. Let g be z(o). Let d(i) = -i**2 + 3*i + 2. What is d(g)?
-2
Let z(k) = -k**3 - 9*k**2 + 2*k - 5. Let g(l) = l. Let v(d) = 2*g(d) - z(d). Calculate v(-9).
5
Suppose -s + 2*s = 12. Let n be 3/s + 11/4. Let f(q) = 4 - 2*q + 2*q**3 - 4*q**2 + q**n - 4*q**3. What is f(-3)?
1
Suppose s = 2*p - 13 - 5, 0 = -3*p + s + 25. Let f(k) = k**2 - 5*k - 7. Determine f(p).
7
Let c(w) = 8*w**2 + 11*w + 21. Let x(b) = -3*b**2 - 4*b - 7. Let u(m) = 4*c(m) + 11*x(m). Determine u(0).
7
Suppose -3*s - 6 = 3*b - 4*b, 0 = -3*b. Let p = s - -5. Let d(n) = -8*n + n**p + 3 - 7*n**2 - 2*n**3 + 2 + 4*n. Determine d(-6).
-7
Let i = -3 + -4. Let j(w) = -10 + 2*w - 3*w - 1 + 1. What is j(i)?
-3
Suppose 4*j = -19 + 15. Let d(r) = -r**2 - 2*r**3 - r**3 + 4*r**3. Give d(j).
-2
Let j(s) = 2*s**3 - 3*s**2 - s - 2. Let v(h) = -3*h**3 + 5*h**2 + 2*h + 4. Let d(l) = 5*j(l) + 3*v(l). Let g = -2 + 0. Give d(g).
-8
Let b(s) be the third derivative of -s**5/20 - s**4/24 - s**3/3 + s**2. Let m be 1*5 - (-203)/(-29). Determine b(m).
-12
Suppose -3*z - 3*v + 19 = z, 4*z - 34 = 2*v. Let m(f) = -f**2 + 6*f + 1. Give m(z).
-6
Let m(c) = -3*c**3 + 5*c**2 - 2*c**3 - c - 6*c**2. What is m(-1)?
5
Let f(i) be the third derivative of i**4/24 + i**3/2 - i**2. Let u be 0 - (2 + -2)/2. Suppose -2*q + 3*h - 12 = u, 0 = q + 3*h - 7*h + 11. What is f(q)?
0
Let o(a) = -a**3 + 3*a**2 - a - 1. Suppose -5*s + 8 + 2 = 0. Suppose -s = -u - 0. Give o(u).
1
Let k(b) = b**3 - b**2 - b - 1. Suppose -4*j + 3*x + 19 = -70, 5*j = 4*x + 112. Suppose -p = 4*p - 5*m - j, m + 5 = 0. What is k(p)?
-2
Suppose -3*j - 17 = -5*a, a + 2*j + 1 = -6. Let y be (0 - a)/(3/(-6)). Let i(w) = -5*w + 3*w**2 + 4 + 2 - y*w**2 + 0. What is i(5)?
6
Suppose -2*g = -0*g - 5*y - 14, 2*y = 5*g - 14. Let t(a) = -1 + a + g - 1. Give t(2).
2
Let y(o) be the first derivative of -o**3 + 3. Calculate y(1).
-3
Let x(z) = z + 3. Suppose -4*a = -a - 15. Suppose a = 2*i - 1. Determine x(i).
6
Let r(c) be the second derivative of 1/3*c**3 - 3/2*c**2 + 1/6*c**4 + 0 + 2*c. Suppose -4*x - 8 = 0, -4*v + v - 19 = 5*x. Calculate r(v).
9
Let h = -10 - -14. Let s(x) = x**2 - x - 2. Let g be s(3). Let l(y) = -g*y + 1 + y + 5*y - h*y. Give l(3).
-5
Let d(m) be the second derivative of -m**3/3 + 3*m**2/2 - 6*m. Give d(5).
-7
Let o(l) = -l**2 + 5*l + 1. Suppose k + 19 = 2*g + 5, 4*k + 36 = 4*g. Let v be 3 + k/(-2) + -1. Determine o(v).
5
Let b(k) = -k**2 + 1. Suppose -6*y + 4*y + 14 = 0. Let o = y + -5. Suppose -n - o = -2*n. Calculate b(n).
-3
Let g(n) = 0*n - 7*n**2 + 2*n + 3*n + 1 + n**3. Let t = 106 + -100. What is g(t)?
-5
Let v(t) be the first derivative of -5*t**4/4 + 2*t**3/3 - t - 33. Determine v(1).
-4
Let z(t) = -3 - 564*t**2 + t**3 + 8 + 571*t**2. What is z(-7)?
5
Let l(p) = p + 8. Let g be l(-6). Suppose 2*q + 5*o - 31 = 10, 2*o - g = q. Suppose 0 = 3*z - 23 + q. Let s(t) = -t**3 + 5*t**2 + 4. What is s(z)?
4
Let n be (-6)/18 - 10/(-3). Let w = -1 + n. Let p(x) = 0 + 0*x - 2*x + 3. Give p(w).
-1
Let n(j) be the second derivative of j**5/20 + j**4/3 - j**3/6 + 2*j**2 - 12*j. Determine n(-4).
8
Let y(a) = -5 + a**2 + a + 4*a + 4. Let u(k) = -2*k**2 - 2*k + 7. Let s be u(-3). Give y(s).
-1
Let r(t) be the third derivative of -t**